q**2 - 7*q + 12. Let m = 4967 + -4965. What is b(m)?
-10
Let r(j) = -j**3 + 5*j**2 + 6*j + 3. Let l be r(6). Let y(q) = -q + 3. Let n be y(l). Let u(h) = 105 - 92 + n*h + h. Calculate u(-6).
7
Let k be 12/42 + 356/28. Let u(v) be the first derivative of 7/2*v**2 + v - 1/3*v**3 + k. Determine u(7).
1
Let b = -5388 - -5391. Let u(o) = 4*o**2 + o + 3. Let v(c) = c**2. Let w(m) = u(m) - 5*v(m). Give w(b).
-3
Let f be (12/(-10))/(6*(-5)/(-400)). Let j(g) = -5*g - 87. Let w be j(f). Let x(y) = -y**3 - 7*y**2 - y - 10. Calculate x(w).
-3
Let g be (-105)/(-15) - (5126/242 + (-2)/11). Let l(h) = 3*h + 102. What is l(g)?
60
Let v(w) = w**2 + 8*w + 2. Let h(i) = 12 - 9 + 14*i - 2*i**3 + i**3 - 5*i**2. Let f be h(-7). Let g be 11/(-22)*2*f. What is v(g)?
-13
Let u(w) = -2 + 0 + 489*w - w**3 - w**2 - 487*w. Suppose 0 = -4*h + 5*l + 18, -h + 4 + 4 = -3*l. Suppose -3*y + h + 4 = 0. What is u(y)?
-10
Let w be ((-11)/2 - -6)*6. Let r(n) = -12 - 10*n**2 - 35*n + 16*n + 9*n - 4*n**w + 3*n**3. Calculate r(-9).
-3
Let c(s) = 2 - 53*s - 3*s**2 + 4*s**2 + 59*s - 2*s**2. Let x(b) = -b**2 + 4*b + 2. Let k(d) = -2*c(d) + 3*x(d). Determine k(0).
2
Let s(z) = -z - 1. Let j(x) = -6*x - 4. Let g(i) = j(i) - 4*s(i). Let a be g(-4). Let o(h) = 11 - 20 + a + h**2 + 3*h. Calculate o(-5).
9
Let p = -45 + 52. Let r(g) be the second derivative of g**4/12 + g**3/6 - 3*g**2 - 302*g. What is r(p)?
50
Let x(s) = -530*s - 3185. Let m be x(-6). Let y(q) = q + 18. Give y(m).
13
Let z(o) = 6*o**2 + o + 1. Let m(h) = 5*h**2 + 2*h + 2. Let u(r) = 5*m(r) - 4*z(r). Suppose -8*p + 7*p + 1 = 0. Let l = -6 + p. Calculate u(l).
1
Let a(m) = -m**3 - 18*m**2 + 38*m - 13. Let r(u) = -3*u**3 - 11*u**2 - 2*u - 4. Let p be r(-2). Calculate a(p).
27
Suppose -2 = 5*j + 2*r - 61, -4*j - 5*r = -54. Let t(x) = j - 1 + 4 - x + 0. Suppose -3*k - 29 = -2*u, -2 = -3*u + 4*k + 39. Give t(u).
7
Let o(n) = -635*n**2 + 5*n + 641*n**2 + 15*n**3 - 16*n**3 + 1. Determine o(8).
-87
Let t(h) = 3*h + 5. Let z(s) = s + 3. Let d(n) = t(n) - 4*z(n). Let b(i) = -27 - i + 52 - 28. Let w be b(2). Give d(w).
-2
Suppose 34 = l + w, 37*l + 106 = 41*l - 2*w. Let y(n) = 9*n - 267. Give y(l).
-6
Let x(j) = j + 7. Let o(q) = 177*q - 1243. Let y be o(7). Determine x(y).
3
Let y(w) = -15*w - 61. Let l(p) = -4*p - 17. Let v(t) = 11*l(t) - 3*y(t). What is v(-7)?
-11
Let f(j) be the first derivative of j**3/3 - 5*j - 665. Suppose 5*c = y + 8, 7 = -2*y + 5*c + 1. Calculate f(y).
-1
Suppose 5 = -k, 0 = -4*z - 6*k + 9*k - 665. Let v = z + 180. Let f(h) = h**3 - 10*h**2 + 2*h - 3. Give f(v).
17
Let f be (-2 - -6) + 6 + (-1 - 334). Let p = 328 + f. Let s(x) = -x**2 - 3*x + 1. Give s(p).
-17
Let r(v) = -3*v - 5. Let t(i) = -22*i + 205. Suppose 3*p + 531 = 558. Let x be t(p). Determine r(x).
-26
Let s(g) = g**2 + 23*g + 4 + g**2 - 13*g - 5*g. Suppose 2*n + 0 = -4*m + 6, -m + 3 = 0. Give s(n).
7
Let i be (26/(-3))/(6/(-9)). Let a(f) = -8*f + i*f + 10 - f**2 + 2*f - 3. Calculate a(6).
13
Suppose -44*b - 12 = -48*b. Suppose 6*u - 11*u + b*i + 18 = 0, 4*u + 4*i = 40. Let a(x) = -2*x + 12. Determine a(u).
0
Let g(f) = f**2 + 4*f + 2. Let i be 338/(-39) + (-4)/(-6). Let m(n) = -n**3 - 8*n**2 - n + 1. Let p be m(i). Suppose -26 - p = 7*z. Give g(z).
7
Let z(v) = -2*v**2 + 26*v - 17. Let b(x) = -12*x + 60. Let l be b(4). Let g be z(l). Let q(p) be the second derivative of p**3/6 + 5*p**2 - p. Determine q(g).
17
Suppose -10*s = -5*s - 65. Let j(z) be the second derivative of z**4/12 - 13*z**3/6 - 13*z**2/2 - 38*z + 2. Determine j(s).
-13
Let b be 2*-3 + -6 + (5 - -3 - 12). Let u(x) = -x**3 - 15*x**2 + 20*x + 56. Calculate u(b).
-8
Let u(n) = n**3 - n**2 - n - 8. Let w be (24/9 - 2) + 1232/33. Suppose 11*g - 38 + w = 0. Give u(g).
-8
Suppose 5*g + 0*f - 20 = 2*f, 3*g + 19 = -5*f. Let d(q) = -2 + 1475*q**2 - q**3 + 1499*q**2 - 2973*q**2 + 2*q. Calculate d(g).
-2
Let y be 54/(-297) - ((-92)/69)/((-22)/(-36)). Let d(w) be the second derivative of 4*w + 1/6*w**3 + 0 - 4*w**y - 1/20*w**5 + 7/12*w**4. What is d(7)?
-1
Let j(k) = 3*k**2 - 8*k + 5. Let f(y) = -y**2 + 3*y - 2. Suppose 11*x + 3*x - 28 = 0. Let v(g) = x*j(g) + 5*f(g). Determine v(-2).
6
Suppose 3*s = -4*g + 35, -11*s + 24*g = 20*g - 35. Let u(c) = 14*c - 67. What is u(s)?
3
Let a(f) = -6*f - 459. Let d be a(-76). Let b(n) be the third derivative of n**5/60 + 5*n**4/24 + n**3/3 + 5*n**2. What is b(d)?
-4
Let h(z) be the second derivative of z**4/6 + 13*z**3/6 + 11*z**2 - 521*z. What is h(-7)?
29
Let o = -101 + 102. Suppose o = 7*a - 6. Let y(k) be the third derivative of k**5/30 - k**3/6 + 5*k**2. What is y(a)?
1
Let g(h) = -5*h**3 + 5*h**2 + 15*h + 22. Let n(y) = 18*y**3 - 24*y**2 - 47*y - 65. Let b(u) = -7*g(u) - 2*n(u). Determine b(12).
-12
Let y(o) = -90*o**3 + 7*o**2 - 7*o**2 + 81*o**3. Let z be y(-1). Let s(f) = 8*f**2 - 3 + 19*f**3 - 6*f**3 - 14*f**3 + 10*f. Give s(z).
6
Let u(b) = b**3 - 3*b**2 - b - 4. Let v(q) = -15 - 58 + 4*q + 12. Let s be v(16). Let l be u(s). Let h(x) = -x**2 - 7*x - 4. Determine h(l).
-4
Let f(l) = l**2 - 6*l + 6. Let s be (((-176)/(-40))/(-11))/(1/(-20)). Suppose -s*d = -2*d - 24. Suppose -u + 2*r = d*r - 2, 0 = 2*u + 3*r - 6. Give f(u).
6
Let l(q) = -q**2 + 10*q - 10. Let m = 10 - 141. Let y = -122 - m. Calculate l(y).
-1
Let s(y) = 2*y**2 + 52*y. Let l be s(-28). Suppose -25*i = -113 - l. Let j(r) = r**3 - 8*r**2 - 9*r + 3. Give j(i).
3
Let q be (-9)/4*8/(-2). Let f(u) = 7 - 11*u**3 + 8*u**3 + 8301*u - 10*u**2 + 4*u**3 - 8292*u. Give f(q).
7
Suppose 2387*s - 2471*s = 420. Let t(l) = -18*l - 94. Determine t(s).
-4
Let q(y) be the first derivative of y**4/4 - 16*y**3/3 + 9*y**2 - 50*y + 6732. Determine q(15).
-5
Let g(r) = -r**3 - 3*r**2 - 17*r - 81. Let a(o) = 20*o + 76. Let d be a(-4). Let h be g(d). Let z(n) = 5*n + 2. What is z(h)?
17
Let s(b) = -b**2 - 4*b - 3. Suppose 2*c - q - 162 = 3*q, -3 = -q. Let z = c - 207. Let v be (-6)/21 + z/70. Determine s(v).
1
Let m(o) be the first derivative of -o**4/4 - 2*o**3/3 + o**2 + 4960. Determine m(1).
-1
Suppose -375*y + 50 = -385*y. Let q(j) = 4*j - 12. Let a(d) = 6*d - 18. Let z(x) = 5*a(x) - 8*q(x). Determine z(y).
16
Suppose -36*o = 381 - 345. Let f(x) = -131*x**3 + 3*x**2 + x - 1. Determine f(o).
132
Let s be (2 - 0/2) + -46. Let f = s + 52. Let c(d) = -d**2 - 7 + d + 6 + 0 - f. Determine c(0).
-9
Let n(m) = 4*m - 52. Suppose -w = 239*h - 235*h + 18, 3*w = 2*h + 44. Calculate n(w).
-12
Let n(w) = w**3 - 29*w**2 + 55*w - 21. Suppose -5*s - 172 = -23*a + 17*a, a - 4*s = 35. What is n(a)?
6
Let f(z) = -12*z**2 + z - 2. Let d be ((-11)/(-22) - (0 + -1))*116/(-87). Give f(d).
-52
Let g(y) be the second derivative of -y**5/20 + y**4/3 + y**3/6 + y**2 + 206*y. Let r(m) = 3*m + 13. Let k be r(-3). Give g(k).
6
Let g(m) = 583*m - 1732. Let q be g(3). Let p(h) = -24*h + 408. Give p(q).
0
Let t(z) be the first derivative of z**3/3 - 4*z**2 + 2*z + 7770. Suppose -4*j + s - 48 = -2*s, -42 = 2*j + 3*s. Let r = j - -23. Give t(r).
2
Let g be (-16)/2 + (1 - -14)/15. Let k(q) = q**2 + 18*q + 9. Let f(d) = -2*d. Let i(b) = -6*f(b) - k(b). Give i(g).
-16
Suppose -166 + 110 = -4*y. Let t be 12/y*42/48*4. Suppose 4*c - 5*z - 2 = 0, -t*c + 5 = -z - z. Let u(x) = 3*x - 4. Give u(c).
5
Let i(m) be the second derivative of 0 + 6*m**2 + 3*m + 1/2*m**3. Let t(p) = p + 4. Let g(k) = 2*i(k) - 7*t(k). Determine g(4).
-8
Let x = -1 - -3. Let z(d) = -6 - 6 + 9 - 1664*d + 1668*d. What is z(x)?
5
Let z(j) be the second derivative of 2*j**3/3 + 21*j**2 + 57*j. Let t(b) = -13*b - 128. Let v(c) = 2*t(c) + 7*z(c). Give v(-17).
4
Let l(v) = 5*v**3 + 7*v**2 - 3*v + 8. Let y(k) = 9*k**3 + 14*k**2 - 6*k + 13. Let x(g) = 11*l(g) - 6*y(g). What is x(5)?
-25
Let g(f) = -f**2 + 8*f - 17. Let l be g(4). Let p be l - (-24)/(-4) - (2 + -3). Let m(k) = k + 6. What is m(p)?
0
Let l(p) be the first derivative of -p**2/2 + 2*p - 1. Suppose 218 = 4*h + w + 216, 0 = -4*h - 2*w - 8. Determine l(h).
-1
Let p(h) be the first derivative of h**4/4 - h**3/3 - 7*h**2 + 6*h + 4229. Calculate p(4).
-2
Let f(d) = -d**3 - 5*d**2 + 2*d + 12. Let r be f(-5). Let h(j) = -21*j + 2. Let l(a) = 17*a - 2. Let w(b) = -3*h(b) - 4*l(b). Determine w(r).
-8
Let s be ((-4)/6)/(((-90)/10)/162). Suppose -4 + 24 = 5*k, 4*k = -2*u + s. Let f(t) = t**3 + 4*t**2 + 2*t - 1. Give f(u).
3
Let a(z) 